
What are the prime factors of 298288276?
2, 11, 13, 521483
List the prime factors of 2038988134.
2, 23, 44325829
List the prime factors of 64321511.
61, 251, 4201
What are the prime factors of 19747530?
2, 3, 5, 11, 61, 109
List the prime factors of 48188535.
3, 5, 181, 17749
List the prime factors of 143478296.
2, 13, 106123
List the prime factors of 539983256.
2, 5179, 13033
What are the prime factors of 854915082?
2, 3, 7, 20355121
What are the prime factors of 308610604?
2, 379, 203569
List the prime factors of 1295407230.
2, 3, 5, 13, 31, 109, 983
What are the prime factors of 2984726655?
3, 5, 31, 69019
List the prime factors of 1154961029.
1154961029
What are the prime factors of 1905947172?
2, 3, 653617
List the prime factors of 1371902219.
199, 1069, 6449
List the prime factors of 246296630.
2, 5, 683, 36061
List the prime factors of 688939801.
11, 4013, 15607
What are the prime factors of 1866801779?
149, 12528871
What are the prime factors of 654853085?
5, 467, 280451
What are the prime factors of 41700623?
41700623
List the prime factors of 3592487394.
2, 3, 47, 71, 59809
What are the prime factors of 3692850820?
2, 5, 31, 5956211
List the prime factors of 33697425.
3, 5, 449299
List the prime factors of 103747753.
17, 41, 47, 3167
What are the prime factors of 314287595?
5, 7013, 8963
List the prime factors of 5555880707.
13, 427375439
What are the prime factors of 23893612?
2, 5973403
What are the prime factors of 88939115?
5, 17787823
List the prime factors of 215375890.
2, 5, 17, 37, 97, 353
List the prime factors of 3267838970.
2, 5, 11, 4967, 5981
What are the prime factors of 3554966168?
2, 13, 31, 383, 2879
List the prime factors of 192593728.
2, 19, 41, 3863
What are the prime factors of 116391037?
7, 2333, 7127
What are the prime factors of 651401924?
2, 101, 227, 7103
List the prime factors of 310321509.
3, 19, 5444237
What are the prime factors of 145069518?
2, 3, 11, 1093, 2011
What are the prime factors of 7015614810?
2, 3, 5, 8677, 26951
What are the prime factors of 811460413?
811460413
List the prime factors of 420060063.
3, 23, 6087827
What are the prime factors of 1035680622?
2, 3, 733, 235489
List the prime factors of 168095302.
2, 5413, 15527
What are the prime factors of 89271847?
7, 31, 47, 8753
List the prime factors of 1288996187.
59, 21847393
List the prime factors of 517427232.
2, 3, 7, 17, 45293
What are the prime factors of 159759480?
2, 3, 5, 1331329
List the prime factors of 590945014.
2, 11, 227, 241, 491
What are the prime factors of 2698520564?
2, 674630141
What are the prime factors of 8032352377?
7, 131, 509, 17209
What are the prime factors of 248365785?
3, 5, 16557719
List the prime factors of 12325620.
2, 3, 5, 205427
List the prime factors of 355738610.
2, 5, 35573861
List the prime factors of 22038432.
2, 3, 13, 17659
List the prime factors of 5679351.
3, 631039
List the prime factors of 4667585.
5, 13, 71809
List the prime factors of 110225775.
3, 5, 11, 23, 37, 157
List the prime factors of 898825069.
359, 461, 5431
What are the prime factors of 1901044998?
2, 3, 1861, 18917
List the prime factors of 7921100848.
2, 1861, 266023
List the prime factors of 3575847.
3, 11, 108359
List the prime factors of 4422948124.
2, 7, 71, 757, 2939
What are the prime factors of 499809552?
2, 3, 11, 467, 2027
List the prime factors of 24766940.
2, 5, 11, 112577
What are the prime factors of 34992321?
3, 7, 13, 18311
What are the prime factors of 1019284611?
3, 339761537
List the prime factors of 112487761.
277, 406093
What are the prime factors of 4870042405?
5, 107, 9102883
What are the prime factors of 108937411?
11, 17, 439, 1327
List the prime factors of 53471247.
3, 17823749
List the prime factors of 34581878.
2, 17290939
What are the prime factors of 348608923?
13, 109, 157, 1567
What are the prime factors of 952254740?
2, 5, 23, 1381, 1499
What are the prime factors of 915568146?
2, 3, 71, 127, 5641
What are the prime factors of 24699857?
7, 13, 20879
List the prime factors of 46227637.
2731, 16927
What are the prime factors of 32032028?
2, 7, 1144001
List the prime factors of 82912232.
2, 13, 67, 73, 163
What are the prime factors of 1923159378?
2, 3, 7, 53, 16301
What are the prime factors of 2609670391?
17, 71, 2162113
What are the prime factors of 36229383?
3, 71, 18899
What are the prime factors of 226244261?
23, 9836707
List the prime factors of 2514301955.
5, 11, 17, 244463
What are the prime factors of 51163072?
2, 47, 73, 233
List the prime factors of 134455523.
41, 277, 11839
List the prime factors of 1262396668.
2, 13, 941, 25799
What are the prime factors of 247165081?
247165081
What are the prime factors of 166241280?
2, 3, 5, 79, 137
List the prime factors of 118674602.
2, 1933, 30697
List the prime factors of 7565237156.
2, 71, 359, 74201
What are the prime factors of 149357191?
149357191
What are the prime factors of 235035890?
2, 5, 19, 1237031
List the prime factors of 41200744.
2, 13, 421, 941
What are the prime factors of 4115522655?
3, 5, 617, 49409
List the prime factors of 52369306.
2, 11, 2380423
List the prime factors of 35328456.
2, 3, 43, 11411
List the prime factors of 948053275.
5, 13, 277, 10531
What are the prime factors of 524097738?
2, 3, 29116541
List the prime factors of 865201097.
23, 53, 317, 2239
List the prime factors of 5821241.
2221, 2621
List the prime factors of 477591139.
659, 724721
What are the prime factors of 196294323?
3, 509, 128549
What are the prime factors of 291559304?
2, 109, 257, 1301
What are the prime factors of 286748293?
13, 22057561
What are the prime factors of 4187276186?
2, 29, 2393, 30169
What are the prime factors of 111144463?
229, 485347
What are the prime factors of 2844719888?
2, 17, 10458529
List the prime factors of 3084975854.
2, 131, 227, 51871
What are the prime factors of 149600977?
149600977
List the prime factors of 5988434171.
47, 197, 641, 1009
What are the prime factors of 1282086331?
17, 75416843
List the prime factors of 189917327.
181, 491, 2137
What are the prime factors of 546145177?
19, 5281, 5443
List the prime factors of 1070493545.
5, 11, 19463519
List the prime factors of 227564871.
3, 73, 1039109
What are the prime factors of 123271470?
2, 3, 5, 7, 7247
List the prime factors of 1846444236.
2, 3, 7, 13, 1690883
List the prime factors of 340223492.
2, 7, 12150839
What are the prime factors of 140449519?
7, 20064217
What are the prime factors of 2466991130?
2, 5, 499, 494387
What are the prime factors of 256077207?
3, 61, 51827
What are the prime factors of 155249285?
5, 19, 1634203
What are the prime factors of 92491228?
2, 31, 107, 6971
List the prime factors of 765705806.
2, 17, 22520759
List the prime factors of 1386578219.
13, 19, 37, 173, 877
What are the prime factors of 1796432139?
3, 199603571
List the prime factors of 91694629.
13, 23, 131, 2341
List the prime factors of 337580800.
2, 5, 52747
What are the prime factors of 3623195343?
3, 1207731781
List the prime factors of 441079099.
9239, 47741
What are the prime factors of 129660028?
2, 19, 47, 36299
What are the prime factors of 1375958457?
3, 227, 673499
List the prime factors of 302054623.
13, 17, 1366763
List the prime factors of 40547868.
2, 3, 59, 57271
What are the prime factors of 33617715?
3, 5, 2241181
List the prime factors of 2707032732.
2, 3, 131, 1722031
List the prime factors of 77196596.
2, 67, 71, 4057
What are the prime factors of 251648680?
2, 5, 6291217
List the prime factors of 416179081.
416179081
What are the prime factors of 177571580?
2, 5, 179, 193, 257
What are the prime factors of 87373402?
2, 43686701
What are the prime factors of 6241332513?
3, 13, 160034167
List the prime factors of 938241.
3, 61, 1709
List the prime factors of 6946596363.
3, 7, 330790303
What are the prime factors of 344418889?
344418889
List the prime factors of 667841553.
3, 74204617
What are the prime factors of 606222864?
2, 3, 13, 323837
List the prime factors of 1844330880.
2, 3, 5, 7, 41, 3347
List the prime factors of 388029718.
2, 197, 984847
List the prime factors of 484784106.
2, 3, 80797351
List the prime factors of 135170759.
135170759
List the prime factors of 21369050.
2, 5, 427381
List the prime factors of 85531059.
3, 1055939
L